et v(x) be the second derivative of 4*x**3/3 - 2*x**2 + 2*x - 124. Let b be v(7). What is the highest common factor of b and 8?
4
Suppose -4*c + m + 13 = 0, c + 4*m = -0*m + 16. Let d be ((-1728)/224)/((-12)/56 - (1 + -1)). Calculate the greatest common divisor of c and d.
4
Suppose 3*c = -33 + 36. Let k be (((-192)/40)/(3/(-15)))/c. What is the highest common divisor of 84 and k?
12
Suppose 13*u - 710 - 200 = 0. Let d be 6/(((-6)/u)/((-44)/77)). Calculate the highest common factor of 160 and d.
40
Suppose -2*g + 4*m + 2 + 124 = 0, 198 = 3*g - 3*m. Let v = 252 - g. What is the greatest common divisor of v and 122?
61
Suppose 115*u = 127*u - 372. Suppose -8*g = u*g - 3159. What is the highest common divisor of g and 216?
27
Let n = -5 + 5. Suppose -3*m - m = n. Suppose 4*c - b + 79 = 204, m = 5*c - 2*b - 160. Calculate the highest common divisor of c and 75.
15
Let r(b) = 11 + 2 - 41*b - 21 - 4*b**2 + 2. Let x be r(-10). Let i be 2*2 - (x - -1) - -34. What is the greatest common factor of i and 11?
11
Let f = -1722 - -3126. Calculate the greatest common divisor of 27 and f.
27
Suppose 0 = 5*z - g - 1355, 2*g + 2*g + 796 = 3*z. Calculate the greatest common divisor of z and 476.
68
Suppose 10*x - 9*x = -1029. Let d = x + 505. Let h be 10/(-45) - d/9. Calculate the greatest common factor of 87 and h.
29
Suppose -5*r - 267 + 987 = 0. Let m be 24/r - 110/12. Let l = -7 - m. What is the highest common factor of l and 5?
1
Let r = -59 - -43. Let p = r + 19. Suppose -4*w - h = 4 - 30, 4*h + 10 = p*w. What is the greatest common divisor of 42 and w?
6
Let v(w) = -w**3 - 8*w**2 + 2*w + 25. Let u be 9/(108/8)*-12. Let d be v(u). What is the highest common divisor of d and 288?
9
Let a(i) = -6*i**2 - 61*i + 5. Let t be a(-9). Let c be 1/(-3)*-3*3. Suppose -4*o = y - 68, -6*o + c*o = 5*y - t. What is the highest common factor of 64 and o?
16
Let g(u) = -2*u + 26. Let k be g(0). Let b(o) = -2*o**2 + 2*o + 28. Let h be b(-3). What is the greatest common factor of h and k?
2
Let c(r) = 10*r**2 - 14*r - 3. Let l be c(8). What is the greatest common factor of l and 336?
21
Suppose x - 108 = -4*h, 4*h - x = x + 96. Suppose h*v - 2253 + 745 = 0. What is the highest common divisor of v and 29?
29
Suppose 3*j + 2 - 23 = 0. Suppose 0 = 6*o - 80 - 28. Let q be -3*(-4 - (-30)/o). Calculate the highest common factor of q and j.
7
Suppose -3*r + 4*r - 68 = 0. Suppose 66*h - r*h + 112 = 0. What is the highest common divisor of h and 98?
14
Suppose 58*b + 1330 = 63*b. Suppose -2*z = 0, -3*v + z = -b - 46. Suppose -f = 5*j - j - 36, 4*f - 4*j = v. What is the greatest common divisor of f and 14?
14
Let a(m) = 254*m**3 + 14*m**2 - 11*m - 4. Let b be a(1). Calculate the greatest common factor of b and 891.
11
Let u = 19 - 16. Suppose u*m + 5*f - 40 = -0*m, m - 15 = -2*f. Suppose -325*g = -318*g - 385. What is the greatest common divisor of g and m?
5
Suppose 126*a = 1272 + 1122. Calculate the highest common divisor of 5339 and a.
19
Suppose -8*u - 16*u - 48 = 0. Let h be (1/(u/(-3)))/((-2)/(-32)). Calculate the greatest common factor of 6 and h.
6
Suppose -851*k + 848*k = -627 - 327. Calculate the greatest common factor of 96 and k.
6
Suppose 2*j - 5*v - 242 = 0, 4*v - 148 + 497 = 3*j. Calculate the greatest common divisor of 16169 and j.
37
Let d be -1 - (-1 + -121 - -1). Let y(z) = -2*z**2 - 1541*z + 1538*z + 3*z**2 + 8. Let r be y(4). What is the highest common factor of r and d?
12
Let w(p) = -p**2 + 26*p - 53. Let m(r) = r. Let g(i) = -2*m(i) - w(i). Let s be g(26). What is the highest common divisor of s and 1?
1
Suppose -43*a = -35*a + 17*a. Let q be 1 + 20 + (-2 - 1). Suppose a = -q*p + 363 + 285. What is the highest common factor of p and 36?
36
Suppose 7*l - 9723 + 8995 = 0. What is the greatest common divisor of l and 72?
8
Suppose 3*v + 69 = 3*s, -s - 3*v = 4*s - 99. What is the greatest common divisor of s and 357?
21
Let o be (-86)/(-2) - -10*(-21)/70. What is the highest common divisor of o and 2460?
20
Suppose -26 = -4*f - v, -6*v + 11*v + 8 = 3*f. Suppose -2*q + f*q = 220. Suppose -4*k - 28 + 116 = 0. Calculate the highest common factor of k and q.
11
Suppose -722 + 290 = -16*d. Suppose -10*z = -11*z + 3. Calculate the highest common divisor of d and z.
3
Suppose -9*o + 684 = 9*o. Let g(p) = -p**3 - p**2 - p + 2. Let r be g(0). Suppose -r*z + 570 = 4*z. What is the greatest common divisor of o and z?
19
Let x(k) = -19*k + 611. Let s be x(27). What is the greatest common factor of 1323 and s?
49
Let u(v) = -v**3 + 4*v + 1. Let l be u(-7). Suppose 4119*d - 4124*d - 4*m + 16 = 0, 2*d = 5*m + 13. What is the highest common divisor of d and l?
4
Let l be 25 + -1*(-4 + (-1)/1). Let j be (-1360)/l*(1/(-2) + -1). What is the highest common divisor of 51 and j?
17
Let o = -390 + 949. Suppose o - 31 = 16*u. Suppose -5*h = -2*i - 2*i - 813, -2*i + 666 = 4*h. Calculate the highest common divisor of h and u.
33
Let v(z) = 2*z**3 - 144*z**2 + 553*z + 4. Let d be v(4). What is the greatest common divisor of 12020 and d?
20
Let c = -95 - -92. Let n be (c - 28)/(5/(-10)). What is the highest common divisor of n and 217?
31
Suppose -50*x - 192*x = -42108. Calculate the greatest common factor of 114 and x.
6
Let m be (-102)/4*16/(-6). Let c = 131 + -1. Let b = c - 113. What is the greatest common divisor of b and m?
17
Let a(x) = 8*x**2 - 18*x - 55. Let o be a(-4). Calculate the greatest common factor of o and 928.
29
Let t = -76 - -85. Suppose t*j - 19*j + 360 = 0. Calculate the greatest common factor of j and 9.
9
Let z(v) = 33*v**3 - 12*v**2 + 49*v - 35. Let l be z(6). What is the highest common divisor of l and 13?
13
Suppose 13*f = 14*f - 15. Let t(b) = -b**3 + 14*b**2 + 21*b - 82. Let v be t(f). Calculate the highest common divisor of v and 3.
1
Let q(c) = 2674*c**3 - 18*c**2 + 15*c + 3. Let k be q(2). Calculate the greatest common factor of 262 and k.
131
Suppose -14 = -2*k + 498. What is the highest common divisor of k and 800?
32
Suppose 0*t = 5*t - 70. Let a(c) = -c**3 + 12*c**2 + 12*c - 4. Let p be (36/21)/((-17)/(-119)). Let w be a(p). What is the greatest common divisor of t and w?
14
Let k be 0*(2/(-6))/1. Suppose u = f + 6 - 16, k = 2*f + 4*u - 14. Let j(q) = 9*q - 288. Let z be j(45). What is the highest common divisor of z and f?
9
Suppose -17*o + 4886 + 8177 + 3291 = 0. Let i(b) = 18*b + 2. Let z be i(4). Calculate the greatest common factor of z and o.
74
Let c(q) = 607*q**3 + 12*q**2 - 4*q + 1. Let o be c(1). Calculate the highest common factor of o and 392.
56
Let j(h) = -h**3 - 8*h**2 - h. Let c = 249 + -423. Let n be c/21 - 8/(-28). Let r be j(n). Calculate the greatest common divisor of r and 2.
2
Let s = -46 - -48. Suppose 0 = s*t - 46 - 262. Suppose -2*w = -t - 6. Calculate the highest common divisor of 16 and w.
16
Let i be (-8 - -12 - 3)*-5. Let r(g) = -17*g - 52. Let w be r(i). Calculate the highest common factor of 99 and w.
33
Suppose -2*q + 3*g = -423, -q + 4*g + 213 = -1. Calculate the highest common divisor of 135 and q.
15
Suppose 496 = 175*g - 4754. What is the greatest common factor of g and 19830?
30
Let c(x) = -x**3 + 23*x**2 + 21*x - 196. Let v be c(18). What is the greatest common factor of v and 17?
17
Suppose 58*r - 57*r - 18 = 0. Let m = r - 12. What is the greatest common divisor of 186 and m?
6
Suppose -36*u - 26*u + 23*u = -546. What is the greatest common factor of u and 23926?
14
Suppose 5*v + 66*h - 71*h = 3875, -v - 2*h + 790 = 0. Calculate the greatest common factor of v and 140.
20
Let r(k) be the first derivative of k**4/4 - 4*k**3 - 4*k**2 - 37*k - 51. Let u be r(13). What is the highest common divisor of 126 and u?
14
Let y(d) = 215*d - 2. Let c be y(1). Suppose -l + 5*i = -149, 2*l - 553 = -4*i - c. Let a = -96 + l. Calculate the greatest common divisor of a and 17.
17
Suppose 782 = 8*g + 3614. Let p = 362 + g. What is the highest common divisor of 56 and p?
8
Suppose -8*c = -21 + 5. Suppose -4*w = 5*g + w - 695, 5*g - 707 = -c*w. What is the highest common factor of 91 and g?
13
Let s be (-24)/(-66) - 234/99. Let z be s/(-22) - 94815/(-539). Calculate the greatest common factor of 128 and z.
16
Suppose -40 = -4*p + 100. Let f(d) = 5*d + 25. Let c be f(-3). Calculate the highest common factor of p and c.
5
Let v(i) 